 4531798?
False
Is 2150391900 a multiple of 10?
True
Does 97 divide 81500988?
False
Is 13 a factor of 282534149?
False
Is 4692759456 a multiple of 11616?
True
Is 47960952 a multiple of 312?
True
Is 52137955 a multiple of 7?
False
Is 149 a factor of 9223733?
False
Does 359 divide 202350882?
False
Is 12054668 a multiple of 92?
True
Is 797538875 a multiple of 2273?
True
Does 167 divide 17524819?
False
Does 17 divide 17328525?
True
Does 3401 divide 530202296?
True
Does 10 divide 8328480?
True
Does 10 divide 398765012?
False
Does 34 divide 112045330?
False
Is 193 a factor of 199016389?
True
Is 1046 a factor of 296579696?
False
Is 113 a factor of 41577714?
False
Is 161680705 a multiple of 27?
False
Is 2410 a factor of 174657520?
True
Is 2172 a factor of 256717619?
False
Does 125 divide 1996685?
False
Does 7 divide 52325805?
True
Does 2870 divide 1555596995?
False
Is 869 a factor of 243032177?
False
Does 726 divide 64383132?
True
Is 248761840 a multiple of 16?
True
Is 1177668168 a multiple of 104?
False
Does 1078 divide 60343825?
False
Is 259083776 a multiple of 898?
True
Is 141052014 a multiple of 33?
False
Is 5063 a factor of 217609448?
False
Is 105031070 a multiple of 755?
True
Is 119 a factor of 834052317?
True
Is 453 a factor of 501613695?
True
Is 40729741 a multiple of 7?
False
Does 1537 divide 4114549?
True
Is 228942040 a multiple of 1217?
True
Is 4065 a factor of 431984261?
False
Is 133910784 a multiple of 3059?
True
Does 14 divide 16366494?
False
Is 105 a factor of 229051147?
False
Does 719 divide 26170881?
True
Is 24 a factor of 5003512647?
False
Is 62780150 a multiple of 18?
False
Is 35 a factor of 535785110?
True
Is 516351122 a multiple of 25?
False
Is 22 a factor of 38748402?
True
Is 74337084 a multiple of 1064?
False
Is 2 a factor of 76785320?
True
Is 292184273 a multiple of 271?
False
Does 296 divide 39112720?
False
Does 67 divide 2578509?
False
Is 25 a factor of 2392625?
True
Is 47 a factor of 230723433?
False
Is 611 a factor of 190905117?
True
Does 34 divide 82669334?
True
Is 73 a factor of 39407152?
True
Is 189742490 a multiple of 5?
True
Is 57 a factor of 119473536?
False
Is 6290 a factor of 3243552915?
False
Does 808 divide 5303355010?
False
Is 12202840 a multiple of 806?
True
Does 248 divide 886346261?
False
Is 802 a factor of 10171766?
True
Is 2377421 a multiple of 19?
False
Is 1058 a factor of 276687102?
True
Is 22921447 a multiple of 944?
False
Is 813627634 a multiple of 14?
False
Is 1209996766 a multiple of 1262?
True
Is 26156973 a multiple of 3?
True
Is 12 a factor of 38934660?
True
Is 20 a factor of 90516820?
True
Is 17 a factor of 1703111?
True
Is 88035310 a multiple of 2105?
True
Is 44613562 a multiple of 14?
True
Does 302 divide 1323012170?
True
Is 46828519 a multiple of 1887?
False
Is 23 a factor of 1761957964?
True
Is 45688743 a multiple of 9?
True
Does 234 divide 11089939?
False
Is 132326385 a multiple of 235?
True
Does 8 divide 6970584?
True
Does 867 divide 936855057?
True
Is 169 a factor of 13812501?
False
Is 4720 a factor of 4625120260?
False
Is 6606 a factor of 1229330358?
True
Is 1303597863 a multiple of 73?
False
Is 10 a factor of 132464286?
False
Does 778 divide 84891423?
False
Is 14 a factor of 142240672?
True
Is 106053902 a multiple of 130?
False
Is 384 a factor of 7952640?
True
Is 14181604 a multiple of 15?
False
Does 568 divide 14556769?
False
Does 40 divide 15584560?
True
Is 40057938 a multiple of 359?
True
Is 766 a factor of 100372555?
False
Is 288322565 a multiple of 2455?
True
Does 171 divide 469063431?
True
Is 25307700 a multiple of 550?
True
Does 131 divide 2662728008?
True
Does 395 divide 26704765?
True
Does 10 divide 6381683?
False
Is 1157526405 a multiple of 21?
True
Does 237 divide 6152472?
False
Is 38 a factor of 230706164?
False
Is 20 a factor of 804122000?
True
Is 62698664 a multiple of 2460?
False
Does 1600 divide 329997296?
False
Is 60 a factor of 601267320?
True
Does 97 divide 252569938?
False
Is 236216466 a multiple of 2263?
True
Does 4 divide 3583844?
True
Is 8 a factor of 5153696?
True
Does 26 divide 1699444098?
False
Is 1317528 a multiple of 36?
True
Does 27 divide 751555935?
True
Is 686 a factor of 856814?
True
Does 971 divide 48019395?
False
Is 131 a factor of 1649236699?
False
Does 993 divide 206822040?
True
Does 111 divide 628970490?
False
Is 4811 a factor of 1401777555?
False
Does 3585 divide 2542478415?
True
Does 31 divide 4486229759?
True
Does 18 divide 106614?
True
Is 1011 a factor of 1333451262?
False
Is 1585085076 a multiple of 93?
False
Is 13118184 a multiple of 4?
True
Does 946 divide 613541605?
False
Is 591 a factor of 106981638?
True
Does 6264 divide 590626296?
True
Does 22 divide 183080949?
False
Is 253 a factor of 173050028?
False
Does 101 divide 41638666?
False
Does 774 divide 278689536?
True
Does 734 divide 35400820?
True
Is 3 a factor of 11617971?
True
Is 1549 a factor of 405820961?
True
Is 18864853 a multiple of 275?
False
Does 116 divide 184919330?
False
Is 8238 a factor of 6292100178?
False
Is 26 a factor of 12398935?
False
Is 22065956 a multiple of 11?
True
Is 36 a factor of 4776624615?
False
Does 23 divide 1074339?
False
Does 641 divide 5208766?
True
Is 1624 a factor of 150281712?
True
Does 15 divide 147984135?
True
Does 5655 divide 890289270?
True
Does 2 divide 501412109?
False
Is 34655424 a multiple of 96?
True
Is 2521 a factor of 1771000247?
False
Does 252 divide 99283790?
False
Is 3386432644 a multiple of 14?
True
Is 3689 a factor of 279325154?
False
Does 1997 divide 286867053?
True
Is 147400180 a multiple of 38?
False
Is 166075498 even?
True
Is 5330771 a multiple of 2?
False
Is 160251853 a multiple of 988?
False
Does 12 divide 2623308?
True
Is 4890011 a multiple of 13?
False
Does 321 divide 50573229?
True
Is 195 a factor of 196913925?
True
Is 26887553 a multiple of 11?
True
Is 13233604 a multiple of 409?
True
Is 1603702941 a multiple of 8?
False
Does 9 divide 4224285545?
False
Is 7 a factor of 16622417?
True
Does 303 divide 2890354057?
False
Does 524 divide 326885033?
False
Does 51 divide 451139759?
False
Does 943 divide 32289263?
True
Is 1454 a factor of 44555698?
False
Is 62 a factor of 2079913767?
False
Is 1964394269 a multiple of 59?
False
Is 109 a factor of 14898579?
False
Is 147498553 a multiple of 4?
False
Is 43 a factor of 11359030?
False
Is 215 a factor of 3451054531?
False
Does 1474 divide 238062710?
False
Is 3335 a factor of 1270635?
True
Does 18 divide 3150719530?
False
Is 55 a factor of 1382257874?
False
Does 707 divide 109875577?
True
Is 17 a factor of 26852921?
False
Is 53 a factor of 22474038?
False
Is 20859840 a multiple of 20?
True
Is 21078132 a multiple of 2697?
False
Is 4509297624 a multiple of 229?
True
Is 1572256000 a multiple of 800?
True
Is 882741495 a multiple of 1309?
False
Is 499 a factor of 1995224944?
False
Is 12 a factor of 202597440?
True
Is 26 a factor of 82900020?
False
Does 24 divide 1084141363?
False
Is 143256390 a multiple of 2591?
True
Is 528 a factor of 180453047?
False
Does 83 divide 14184119?
True
Is 4 a factor of 4461212?
True
Is 194965930 a multiple of 2?
True
Is 285959 a multiple of 23?
True
Is 2456486142 a multiple of 14662?
True
Is 234528448 a multiple of 4534?
False
Is 19589151 a multiple of 191?
True
Is 45 a factor of 1270466550?
True
Does 56 divide 149058088?
False
Is 306149781 a multiple of 87?
True
Is 137 a factor of 456591681?
False
Is 40 a factor of 274475800?
True
Does 1079 divide 77052894?
False
Is 128 a factor of 29819008?
True
Does 14 divide 44176804?
True
Does 35 divide 103409110?
True
Does 1031 divide 2318354527?
False
Does 3 divide 142427064?
True
Is 57 a factor of 32699098?
False
Does 260 divide 26150540?
True
Is 13379714 a multiple of 34?
True
Is 186140250 a multiple of 1125?
True
Is 107905907 a multiple of 580?
False
Does 3 divide 11597768?
False
Is 7867939 a multiple of 631?
True
Is 1334 a factor of 942823474?
False
Is 131 a factor of 1866226?
True
Is 19550995 a multiple of 2?
False
Is 9764894 a multiple of 977?
False
Does 22 divide 9255708?
True
Is 2 a factor of 97647237?
False
Is 61793250 a multiple of 282?
True
Does 17 divide 1119707215?
False
Does 44 divide 22850124?
True
Is 34431969 a multiple of 2739?
True
Does 19 divide 914097771?
True
Is 66058948 a multiple of 280?
False
Is 14 a facto